d by 836?
206
Calculate the remainder when 798134 is divided by 1013.
903
What is the remainder when 51674038 is divided by 17224678?
4
What is the remainder when 423758 is divided by 92?
6
What is the remainder when 578436 is divided by 158?
156
What is the remainder when 2698707 is divided by 47345?
42
Calculate the remainder when 635813 is divided by 211868.
209
What is the remainder when 595423 is divided by 1663?
69
Calculate the remainder when 1966747 is divided by 28.
27
What is the remainder when 287158 is divided by 143576?
6
Calculate the remainder when 44329 is divided by 12767.
6028
Calculate the remainder when 35279 is divided by 478.
385
Calculate the remainder when 3049869 is divided by 757.
673
What is the remainder when 183770 is divided by 3013?
2990
Calculate the remainder when 5720330 is divided by 921.
920
Calculate the remainder when 3214655 is divided by 268.
263
What is the remainder when 158056899 is divided by 3425?
3424
Calculate the remainder when 648379 is divided by 285.
4
What is the remainder when 756985 is divided by 756777?
208
Calculate the remainder when 43121 is divided by 305.
116
What is the remainder when 25443 is divided by 669?
21
What is the remainder when 31458341 is divided by 3722?
3719
Calculate the remainder when 327433432 is divided by 1201.
1199
Calculate the remainder when 36276 is divided by 637.
604
Calculate the remainder when 89576799 is divided by 53.
15
Calculate the remainder when 6659 is divided by 610.
559
Calculate the remainder when 26492832 is divided by 39.
15
Calculate the remainder when 205883129 is divided by 51470780.
9
Calculate the remainder when 659649 is divided by 164787.
501
What is the remainder when 99417 is divided by 1971?
867
What is the remainder when 4998185 is divided by 56?
17
Calculate the remainder when 2822579 is divided by 2822564.
15
What is the remainder when 56387845 is divided by 184274?
1
What is the remainder when 3252206 is divided by 186?
182
What is the remainder when 5307 is divided by 204?
3
Calculate the remainder when 1442840 is divided by 47.
34
What is the remainder when 3794185 is divided by 172458?
109
Calculate the remainder when 20322255 is divided by 1372.
191
What is the remainder when 19990 is divided by 410?
310
Calculate the remainder when 3118895 is divided by 716.
715
Calculate the remainder when 1167183 is divided by 24.
15
Calculate the remainder when 96723 is divided by 530.
263
Calculate the remainder when 7311553 is divided by 3655757.
39
Calculate the remainder when 39942 is divided by 4208.
2070
What is the remainder when 11130934 is divided by 1590133?
3
What is the remainder when 16573 is divided by 1013?
365
What is the remainder when 575401 is divided by 143747?
413
Calculate the remainder when 2142032 is divided by 118998.
68
Calculate the remainder when 145573 is divided by 10378.
281
What is the remainder when 896045589 is divided by 791?
789
Calculate the remainder when 879178 is divided by 307.
237
What is the remainder when 4594580 is divided by 31905?
260
What is the remainder when 135750 is divided by 45227?
69
Calculate the remainder when 2931910 is divided by 183244.
6
What is the remainder when 2641267 is divided by 549?
28
What is the remainder when 2448405 is divided by 276?
9
Calculate the remainder when 472760 is divided by 5495.
190
Calculate the remainder when 99031 is divided by 98416.
615
Calculate the remainder when 230997 is divided by 53.
23
What is the remainder when 183987 is divided by 2182?
699
What is the remainder when 1611432 is divided by 183?
117
Calculate the remainder when 13522 is divided by 12606.
916
Calculate the remainder when 28081 is divided by 3415.
761
Calculate the remainder when 895853 is divided by 37.
9
Calculate the remainder when 78571 is divided by 855.
766
What is the remainder when 25699835 is divided by 35994?
119
What is the remainder when 2408424 is divided by 802804?
12
Calculate the remainder when 2125550 is divided by 1748.
1730
Calculate the remainder when 73397980 is divided by 5645995.
45
What is the remainder when 255001 is divided by 38?
21
What is the remainder when 35980 is divided by 7?
0
Calculate the remainder when 6489835 is divided by 1953.
16
What is the remainder when 10703254 is divided by 10703229?
25
Calculate the remainder when 29720 is divided by 246.
200
What is the remainder when 15071528 is divided by 22164?
8
What is the remainder when 2999811 is divided by 54537?
276
What is the remainder when 2218427 is divided by 1203?
95
What is the remainder when 67168 is divided by 3050?
68
Calculate the remainder when 5984565 is divided by 5984489.
76
What is the remainder when 953845 is divided by 454?
445
Calculate the remainder when 60127537 is divided by 34.
33
What is the remainder when 4480503 is divided by 1493433?
204
What is the remainder when 189125828 is divided by 1616460?
8
Calculate the remainder when 1181720043 is divided by 4769.
4764
What is the remainder when 1637799 is divided by 272961?
33
Calculate the remainder when 1099198 is divided by 3884.
26
Calculate the remainder when 6275546 is divided by 2346.
2342
What is the remainder when 117233930 is divided by 9017994?
8
Calculate the remainder when 7039016 is divided by 2057.
2019
Calculate the remainder when 2056429 is divided by 2757.
2464
Calculate the remainder when 274955219 is divided by 1487.
1484
What is the remainder when 308771915 is divided by 308771912?
3
Calculate the remainder when 94195422 is divided by 7702.
7664
Calculate the remainder when 162860 is divided by 3625.
3360
Calculate the remainder when 1109378 is divided by 560.
18
What is the remainder when 1574905 is divided by 25?
5
What is the remainder when 201374 is divided by 200?
174
What is the remainder when 1372871 is divided by 343214?
15
Calculate the remainder when 639763 is divided by 2470.
33
What is the remainder when 4450286 is divided by 13907?
46
What is the remainder when 53357 is divided by 52966?
391
What is the remainder when 4860258 is divided by 2049?
30
Calculate the remainder when 115570944 is divided by 178.
172
Calculate the remainder when 85066 is divided by 16446.
2836
What is the remainder when 946263 is divided by 243?
21
Calculate the remainder when 307489 is divided by 156.
13
What is the remainder when 285538 is divided by 131?
89
What is the remainder when 562620 is divided by 140216?
1756
Calculate the remainder when 86056 is divided by 264.
256
Calculate the remainder when 71304187 is divided by 8913022.
11
What is the remainder when 267251717 is divided by 1754?
1753
Calculate the remainder when 360382 is divided by 2116.
662
What is the remainder when 499228 is divided by 24961?
8
Calculate the remainder when 7734686 is divided by 147.
134
Calculate the remainder when 5800531 is divided by 377.
9
What is the remainder when 21272437 is divided by 8923?
5
What is the remainder when 16500 is divided by 16132?
368
What is the remainder when 57347 is divided by 4338?
953
What is the remainder when 337046018 is divided by 587?
10
Calculate the remainder when 54515352 is divided by 2271.
2268
Calculate the remainder when 950001 is divided by 73070.
91
What is the remainder when 838483 is divided by 15508?
1051
Calculate the remainder when 762798 is divided by 11055.
3
Calculate the remainder when 7899165 is divided by 96.
93
Calculate the remainder when 5803484 is divided by 1652.
8
What is the remainder when 1763995 is divided by 245?
240
Calculate the remainder when 28274693 is divided by 11569.
57
Calculate the remainder when 3095692 is divided by 2848.
2764
What is the remainder when 185426 is divided by 17601?
9416
What is the remainder when 845211 is divided by 1833?
198
What is the remainder when 1221858 is divided by 4947?
4896
What is the remainder when 74556662 is divided by 37278323?
16
What is the remainder when 549939 is divided by 549716?
223
Calculate the remainder when 1016464 is divided by 8195.
284
Calculate the remainder when 50617 is divided by 1401.
181
What is the remainder when 14407915 is divided by 43793?
18
What is the remainder when 3404885 is divided by 1745?
390
Calculate the remainder when 61455176 is divided by 932.
28
Calculate the remainder when 1